
3
-21022 (base 3) to base 10
-197
Convert 4 (base 12) to base 3.
11
2 (base 16) to base 3
2
13 (base 15) to base 14
14
Convert a (base 13) to base 3.
101
-19 (base 15) to base 14
-1a
Convert -8 (base 11) to base 9.
-8
What is -1 (base 4) in base 10?
-1
What is 24 (base 5) in base 16?
e
3 (base 15) to base 10
3
What is -12 (base 5) in base 6?
-11
2 (base 13) to base 14
2
Convert 5 (base 10) to base 2.
101
What is 13 (base 11) in base 5?
24
5c (base 14) to base 6
214
Convert 113 (base 5) to base 10.
33
What is 3 (base 4) in base 13?
3
What is 4 (base 9) in base 3?
11
What is -132 (base 6) in base 15?
-3b
-1000 (base 4) to base 11
-59
What is -1 (base 5) in base 6?
-1
-9 (base 15) to base 3
-100
What is -1 (base 11) in base 15?
-1
Convert -3 (base 11) to base 14.
-3
Convert -2 (base 14) to base 5.
-2
Convert 3 (base 7) to base 16.
3
Convert 101 (base 10) to base 6.
245
Convert 15 (base 10) to base 11.
14
1010 (base 2) to base 10
10
-16 (base 7) to base 13
-10
Convert -6 (base 7) to base 11.
-6
Convert 265 (base 7) to base 11.
122
-47 (base 13) to base 7
-113
-112 (base 4) to base 13
-19
What is 41 (base 12) in base 15?
34
Convert -4 (base 6) to base 8.
-4
9 (base 11) to base 9
10
Convert -37 (base 9) to base 14.
-26
Convert -3b (base 12) to base 11.
-43
What is -151 (base 6) in base 12?
-57
What is 68 (base 10) in base 8?
104
Convert -1 (base 14) to base 8.
-1
Convert -40 (base 5) to base 14.
-16
What is 1 (base 13) in base 15?
1
Convert 67 (base 11) to base 10.
73
-132 (base 7) to base 5
-242
11 (base 12) to base 16
d
What is 10 (base 10) in base 12?
a
6 (base 12) to base 7
6
What is 531 (base 7) in base 11?
223
3 (base 5) to base 16
3
What is -30 (base 9) in base 16?
-1b
43 (base 5) to base 16
17
Convert 1 (base 5) to base 2.
1
Convert 5 (base 9) to base 6.
5
Convert -a (base 13) to base 5.
-20
What is -cb (base 14) in base 6?
-455
Convert 1 (base 10) to base 9.
1
Convert 100 (base 5) to base 8.
31
Convert 7 (base 8) to base 2.
111
Convert -4 (base 9) to base 15.
-4
What is -8 (base 13) in base 5?
-13
Convert -33 (base 5) to base 16.
-12
13 (base 5) to base 2
1000
Convert -10 (base 3) to base 7.
-3
What is -2 (base 3) in base 4?
-2
Convert 5e (base 15) to base 7.
155
What is 67 (base 13) in base 8?
125
Convert -4 (base 8) to base 4.
-10
What is 51 (base 11) in base 8?
70
Convert 430 (base 7) to base 3.
22001
Convert 150 (base 14) to base 2.
100001010
What is 1001 (base 3) in base 7?
40
1 (base 12) to base 11
1
Convert 24 (base 5) to base 3.
112
14 (base 12) to base 9
17
What is -11001 (base 2) in base 9?
-27
Convert 13 (base 15) to base 12.
16
What is -12111 (base 3) in base 14?
-a8
Convert -301 (base 4) to base 11.
-45
What is 223 (base 5) in base 12?
53
What is 0 (base 13) in base 11?
0
-1300 (base 4) to base 3
-11011
What is 111011 (base 2) in base 9?
65
Convert 29 (base 12) to base 5.
113
Convert 322 (base 6) to base 8.
172
What is 8 (base 12) in base 10?
8
Convert -100 (base 4) to base 5.
-31
Convert -1 (base 11) to base 16.
-1
-10 (base 2) to base 8
-2
What is 321 (base 4) in base 12?
49
What is -4 (base 6) in base 13?
-4
-101 (base 3) to base 2
-1010
2 (base 4) to base 11
2
1 (base 4) to base 14
1
What is -2 (base 5) in base 6?
-2
Convert 110 (base 2) to base 8.
6
Convert -5 (base 7) to base 3.
-12
6 (base 7) to base 10
6
Convert -1 (base 5) to base 11.
-1
-2d (base 16) to base 13
-36
Convert 1101 (base 4) to base 6.
213
-22 (base 4) to base 6
-14
What is 125 (base 13) in base 3?
21102
What is -7 (base 16) in base 2?
-111
Convert -30 (base 8) to base 6.
-40
What is -2 (base 5) in base 15?
-2
Convert 6 (base 12) to base 11.
6
-11 (base 10) to base 8
-13
-161 (base 7) to base 9
-112
Convert b (base 14) to base 15.
b
Convert -7 (base 11) to base 3.
-21
72 (base 8) to base 6
134
What is -10 (base 14) in base 13?
-11
Convert 73 (base 8) to base 5.
214
0 (base 13) to base 12
0
2024 (base 5) to base 3
100210
63 (base 13) to base 14
5b
1 (base 8) to base 7
1
167 (base 8) to base 16
77
4 (base 8) to base 14
4
What is -45 (base 14) in base 9?
-67
Convert 3 (base 10) to base 16.
3
What is 17 (base 8) in base 2?
1111
What is 11 (base 6) in base 14?
7
What is 0 (base 3) in base 10?
0
What is 1 (base 14) in base 2?
1
What is 14 (base 8) in base 4?
30
Convert -264 (base 9) to base 12.
-164
-1001100 (base 2) to base 8
-114
What is 25 (base 15) in base 12?
2b
What is -12 (base 4) in base 11?
-6
What is -10001001 (base 2) in base 7?
-254
What is 153 (base 9) in base 10?
129
What is -b (base 13) in base 2?
-1011
What is 4 (base 12) in base 13?
4
What is -2 (base 6) in base 3?
-2
Convert 3 (base 6) to base 13.
3
What is -53 (base 16) in base 3?
-10002
Convert 30 (base 7) to base 15.
16
Convert 2 (base 7) to base 11.
2
33 (base 6) to base 3
210
Convert -365 (base 8) to base 15.
-115
30 (base 5) to base 13
12
Convert 1a5 (base 11) to base 9.
282
What is -2 (base 12) in base 4?
-2
Convert 2 (base 10) to base 3.
2
Convert 105 (base 6) to base 13.
32
-1113 (base 5) to base 7
-314
Convert 78 (base 11) to base 14.
61
Convert -323 (base 6) to base 13.
-96
What is 6 (base 8) in base 16?
6
What is -13 (base 4) in base 10?
-7
What is 3 (base 4) in base 8?
3
What is a3 (base 15) in base 10?
153
What is 110 (base 2) in base 9?
6
Convert 41 (base 5) to base 6.
33
What is -5 (base 6) in base 4?
-11
-3c (base 16) to base 10
-60
-115 (base 6) to base 15
-32
Convert 102 (base 6) to base 8.
46
Convert 12 (base 5) to base 3.
21
What is 42 (base 10) in base 12?
36
Convert -a (base 16) to base 14.
-a
Convert 100 (base 5) to base 8.
31
302 (base 5) to base 13
5c
1c (base 15) to base 16
1b
53 (base 6) to base 3
1020
Convert -2 (base 14) to base 3.
-2
326 (base 7) to base 13
cb
What is -10000 (base 2) in base 3?
-121
Convert 3a (base 16) to base 8.
72
What is 2 (base 5) in base 8?
2
-2022 (base 4) to base 7
-255
4 (base 6) to base 9
4
21201 (base 3) to base 11
17a
-26 (base 9) to base 7
-33
-5 (base 13) to base 5
-10
What is -d (base 15) in base 14?
-d
5 (base 10) to base 8
5
-10 (base 8) to base 5
-13
What is 10 (base 5) in base 14?
5
What is -44 (base 10) in base 13?
-35
-6 (base 16) to base 6
-10
What is 1 (base 9) in base 15?
1
What is -11011 (base 2) in base 8?
-33
Convert -2 (base 5) to base 11.
-2
-4 (base 12) to base 6
-4
Convert -44 (base 6) to base 13.
-22
Convert 17 (base 16) to base 13.
1a
Convert -214 (base 5) to base 12.
-4b
What is 122 (base 6) in base 9?
55
43 (base 7) to base 9
34
What is 2 (base 10) in base 11?
2
10 (base 4) to base 9
4
What is -10 (base 3) in base 9?
-3
-12 (base 8) to base 12
-a
-202 (base 6) to base 9
-82
What is -1 (base 12) in base 14?
-1
2 (base 9) to base 10
2
Convert 32 (base 6) to base 8.
24
20 (base 3) to base 2
110
Convert -3 (base 13) to base 8.
-3
Convert -1a (base 13) to base 8.
-27
What is -16 (base 15) in base 5?
-41
Convert 8 (base 14) to base 3.
22
Convert -24 (base 5) to base 10.
-14
-110000 (base 2) to base 8
-60
What is -11 (base 8) in base 6?
-13
Convert 1 (base 13) to base 11.
1
Convert 11 (base 7) to base 8.
10
What is -12012 (base 3) in base 5?
-1030
What is 211 (base 4) in base 12?
31
What is -4 (base 5) in base 6?
-4
Convert -21 (base 10) to base 4.
-111
Convert 130 (base 4) to base 12.
24
What is -84 (base 9) in base 7?
-136
-14 (base 5) to base 15
-9
Convert -26 (base 9) to base 6.
-40
2 (base 7) to base 9
2
-1010 (base 2) to base 3
-101
-202 (base 5) to base 16
-34
Convert 2 (base 10) to base 13.
2
Convert -29 (base 13) to base 4.
-203
What is -31 (base 11) in base 12?
-2a
What is 4 (base 13) in base 9?
4
12 (base 4) to base 13
6
Convert -16 (base 8) to base 4.
-32
-2a (base 12) to base 6
-54
-41 (base 14) to base 2
-111001
What is -93 (base 10) in base 9?
-113
21 (base 5) to base 7
14
Convert 1 (base 3) to base 9.
1
What is 43 (base 7) in base 5?
111
What is -2f (base 16) in base 3?
-1202
83 (base 11) to base 5
331
-3 (base 7) to base 12
-3
Convert 2 (base 14) to base 9.
2
a (base 12) to base 7
13
63 (base 9) to base 13
45
Convert -a (base 16) to base 5.
-20
-103 (base 5) to base 10
-28
What is 2 (base 4) in base 9?
2
What is -300 (base 5) in base 15?
-50
-9 (base 15) to base 5
-14
-21 (base 4) to base 11
-9
Convert 6 (base 7) to base 8.
6
-3 (base 5) to base 14
-3
-1e (base 15) to base 2
-11101
What is -330 (b